/(-22) - p/(-55). Let v = h + 8. Give i(v).
3
Let c(p) be the first derivative of 1/3*p**3 - 5 + p + 3/2*p**2. Give c(-2).
-1
Let c(n) = 7*n**3 - 11*n**2 - 7*n - 17. Let w(j) = 3*j**3 - 5*j**2 - 3*j - 8. Let f(u) = 4*c(u) - 9*w(u). Give f(-3).
-11
Suppose 5*u = 3*u - 2*w + 4, 0 = 2*u - 2*w. Let z(d) = 4*d**3 + 2*d**2 - d. Determine z(u).
5
Let p(a) = -2*a**3 + 3*a**2 - 12*a - 3. Let h(z) = z**3 - 4*z**2 + 11*z + 2. Let b(m) = -3*h(m) - 2*p(m). What is b(-7)?
14
Let b(d) be the second derivative of d**4/12 - d**3/3 + d**2 + 7*d. Give b(3).
5
Let l(h) = -5*h + 1. Let j be (16/(-6) + 3)*(2 + -5). Calculate l(j).
6
Let h(f) = 2*f**2 - 10*f - 2. Let m(a) = a**2 - 5*a - 1. Let o(c) = 2*h(c) - 5*m(c). Give o(3).
7
Suppose 5*x + h = -h - 5, 0 = x - 5*h - 26. Let m(i) = -i + 1. Let f be m(-1). Let s(l) = -10*l**f + l - 4 + 13*l**2 + 3. What is s(x)?
3
Let u(q) = 3*q - 1. Let y(k) = -k**3 - 2*k**2 - 10. Let s be y(-3). Calculate u(s).
-4
Let q(t) = -t**3 + t**2 + t + 5. Let x(o) = -o**3 + 3*o**2. Suppose 0*m = -3*m + 6. Let g be x(m). Suppose 4*r + 4 = -h - 12, -3*r = g*h + 12. Determine q(h).
5
Suppose 3 = -b + 8. Let g(y) = -2*y**2 - 4*y + 5. Let l be (-6)/(-3) - (0 - -5). Let s(a) = a**2 + 5*a - 4. Let t(p) = l*s(p) - 2*g(p). Determine t(b).
-8
Let j(b) = 2*b + 6. Let c(u) = u**3 + 6*u**2 + 3*u - 2. Let l be c(-5). Suppose 5 = 2*o - 7*o. Let k be ((-4)/l)/(o/(-8)). Determine j(k).
-2
Let d be (-8)/(-6) - (-8)/(-24). Let w(j) = -6*j**2 + 2*j - 1. What is w(d)?
-5
Let l be (-3)/((3 - 2)*-1). Suppose 2*g = -l*g + 25. Let m(n) = n**2 - 6*n + 5. Calculate m(g).
0
Let w be 0/(-7*4/(-14)). Let n(m) = 14*m**3 - 20*m**2 + 20*m - 14. Let h(i) = 5*i**3 - 7*i**2 + 7*i - 5. Let c(u) = 17*h(u) - 6*n(u). Give c(w).
-1
Let q(t) = t - 5. Let w be q(5). Let b(r) = r + 4. Calculate b(w).
4
Let k be (-72)/(-30)*(-20)/(-8). Let p(q) = q**3 - 6*q**2 - 3*q - 2. What is p(k)?
-20
Let k(d) = 2 + 11*d + 1 - 2 - 14*d. Calculate k(3).
-8
Let s(k) = -k + 1. Let q(p) = p + 1. Let x(w) = 2*w. Let u(c) = 3*q(c) - x(c). Let n(t) = -2*s(t) + u(t). Calculate n(3).
10
Let a(m) = 3 + 0*m**2 - m**2 + 0*m**2 + 6*m + 2*m**2. Calculate a(-6).
3
Let d(j) = j**3 + 2*j**2 - j + 4. Let h(r) = -4*r - 27. Let a be h(-6). Calculate d(a).
-2
Let z(q) = -2*q**2 - 5 - 2*q**2 + 0*q**2 + 5*q**2. Determine z(0).
-5
Let d(q) be the first derivative of 0*q - 1/20*q**5 - 4/3*q**3 - 1/12*q**4 + 0*q**2 - 4. Let p(c) be the third derivative of d(c). Calculate p(-2).
10
Let z = -1 - 1. Let g(n) = n**2 - 4*n. Let l(r) = -r**2 + 5*r - 1. Let f(j) = -3*g(j) - 2*l(j). Give f(z).
-6
Let z(d) = 7*d**2 - 2*d + 1. Let f(m) = -4*m. Let y be f(-1). Let h = y - 2. Suppose 2*b + 10 = 4*q, h*b + 0*q = -4*q + 14. Calculate z(b).
6
Let r(j) be the first derivative of j**2/2 - 2*j + 7. Calculate r(-6).
-8
Let z = 9 - 5. Let v be 2*(63/6)/7. Let x(b) = 3 - b - v - z*b. Determine x(-1).
5
Let y(s) = -3*s - 2. Let a = -16 - -11. Determine y(a).
13
Let d(s) = 4*s - 3*s - 1 + 3. Let c be (0 - -1)*(-6)/(-1). Suppose -4*l + 3*w = -14, -3*w - 11 = -l - c*w. Calculate d(l).
7
Let d(h) be the first derivative of 1/4*h**4 - 7/3*h**3 + 5/2*h**2 + 7*h - 3. Give d(6).
1
Let s(z) = z + 2. Let i = 2 + -1. Let y(l) = 4*l**2. Let g be y(i). Suppose -r = -g*c + 26, c = -4*r + 2*r - 7. Determine s(r).
-4
Let p(d) = 2*d + 1. Let f be (-1)/(-2) + 7/2. Give p(f).
9
Let l(g) = -3*g + 1. Let x(m) = -2*m + 1. Let a(v) = 3*l(v) - 4*x(v). Let i = 3 - -3. Give a(i).
-7
Suppose 5*i = -5*f - 5, -3*f = 5*i + 5 - 0. Let p = -1 + f. Let o(k) be the third derivative of k**6/30 + k**5/60 + k**4/24 + k**3/6 + 2*k**2. Calculate o(p).
-3
Let q(a) be the third derivative of -a**6/120 - a**5/12 + a**4/8 + 7*a**3/6 - 8*a**2. Give q(-5).
-8
Let k(n) be the third derivative of -n**6/120 + n**5/15 + 7*n**4/24 - 5*n**3/6 - 3*n**2. Let i = 15 + -10. Give k(i).
5
Let b be 4*-2*(-12)/16. Let i(n) = 6 - 5*n + 20*n**2 - 21*n**2 + 11*n. What is i(b)?
6
Let r(d) = d + 1. Let t(x) = -7 - 2*x + 8*x - 9*x. Let v(j) = 5*r(j) + t(j). What is v(3)?
4
Let s(j) = j**3 + 3*j**2 + 2. Let v(x) = x**3 - 10*x**2 + x - 13. Let t be v(10). Let m be s(t). Let f(y) = -y**2 + 4*y - 3. Determine f(m).
1
Let u(s) = -3*s + 3 + 98*s**2 - s - 99*s**2. Let w = 9 - 15. What is u(w)?
-9
Let a(z) = -z**2. Let b(s) = 3*s**2 + 6*s + 2. Let n(w) = 2*a(w) + b(w). Let f = 40 - 26. Let d be 4/f + 148/(-28). Give n(d).
-3
Let s = 2219/3540 + -36/59. Let b(u) be the third derivative of 0*u + s*u**5 + 0 + u**2 + 1/8*u**4 - 1/6*u**3. Calculate b(-4).
3
Let r(z) be the third derivative of z**4/4 + z**3/6 - z**2. Let x(d) = -d**3 + 11*d**2 - d + 12. Let f be x(11). What is r(f)?
7
Let d(l) be the second derivative of 1/2*l**2 + 4*l + 0 + 1/12*l**4 + 1/6*l**3. Give d(-2).
3
Let l(s) = -5*s - 1. Let g = 50 - 54. Give l(g).
19
Let c be (-4)/(-10) + (-51)/15. Let g = -5 + 7. Let h(q) = -5*q + g*q + 2*q + 3. Determine h(c).
6
Let q(i) = 2*i - 8. Let u(y) = -4*y - 1. Let n(m) = -3*m - 1. Let c(w) = 3*n(w) - 2*u(w). Suppose -5 = -0*z - 5*z. Let r(t) = z*q(t) + 3*c(t). Calculate r(-6).
-5
Suppose -3*b + g = 4*g + 3, g = -2. Let a(u) = -8*u**2 + 5*u - 1. Let f(v) = -9*v**2 + 6*v - 1. Let o(n) = 4*a(n) - 3*f(n). Determine o(b).
-4
Let c be ((-16)/(-6))/4*6. Let i(q) be the first derivative of -q**5/120 + q**4/24 + q**3 + 3. Let n(h) be the third derivative of i(h). Give n(c).
-3
Let d(o) = 33 + 3*o + 24 - 56 + o**3 + 4*o**2. Give d(-3).
1
Let t(d) be the third derivative of d**4/24 + d**3/3 + 33*d**2. Give t(-2).
0
Suppose 4*k - 3 = 1. Let f(z) = 3*z + k - 5 + 3. Determine f(-2).
-7
Let k(a) = -a**3 - 2*a + 3. Let t(l) = l**3 + l**2 - l + 1. Let q be t(1). Give k(q).
-9
Let t(h) be the first derivative of -1 - 2*h + 0*h + 3*h - 4*h**2. Let c(b) = b**2 + 8*b - 8. Let m be c(-9). Calculate t(m).
-7
Let u = 15 + -9. Let b = -1 + u. Let o(t) = -t + 1. Calculate o(b).
-4
Let z(d) = -3 - 5*d - 12*d**2 + 2 + 8*d**2 - d**3. Calculate z(-4).
19
Let p(m) = -3*m - 4 + 4*m + 2 - 1. Determine p(3).
0
Let x(s) be the second derivative of 1/2*s**3 + 0 - s**2 + 2*s. Calculate x(2).
4
Let i(y) = -y + 2. Let j(z) = -z - 7. Let v be j(-5). Let s be -2 - ((-2 - -19) + v). Let l(a) = 3*a - 6. Let n(w) = s*i(w) - 6*l(w). Give n(4).
-2
Let d(b) = -3*b**3 + 3*b**2 - 3*b. Suppose 23*z + 10 = 28*z. Calculate d(z).
-18
Suppose 0*v + 5 = -5*v + 4*x, 4*x = 0. Let o(f) = -2*f**3 + 2*f**2 - 1. Determine o(v).
3
Suppose -3*l + 9 = 3*a, 0 = 8*l - 3*l + 5. Let k(h) = 6 - 4*h + a - 9. Determine k(-1).
5
Let a(n) be the first derivative of n**2 - 4*n - 1. Suppose -2*k + 3*j = -6, 2*k - 2*j = -3 + 9. What is a(k)?
2
Let n(x) be the third derivative of -x**4/24 + x**3/3 + x**2. What is n(6)?
-4
Let u(l) = l**3 - 5*l**2 + 5*l - 2. Suppose 3*m + 1 = -4*w + 7, -w + 5*m = -13. Suppose 25 = -5*g, -2*q = 2*q + 3*g + w. Determine u(q).
-5
Suppose 4*k + 0 = 8. Let y be 1 + 0 + -1*k. Let w be (15 + -5)/((-2)/y). Let i(n) = n**3 - 5*n**2 + n - 2. Give i(w).
3
Let j = -3 + 2. Let v = j + 5. Suppose b = -x - 3, -5*x = -4*b - v + 1. Let s(l) = 5*l**2 - l. Give s(x).
6
Let k(b) = 5*b - 2. Let d(h) = 4*h - 1. Let o(n) = -6*d(n) + 4*k(n). Calculate o(-2).
6
Suppose -f + 3*q - 11 = 0, -4*q + 18 = -2*f - 0. Suppose 2*c + 6 - 8 = 0. Let x(p) = 3*p**2 - 4*p**2 + 1 - 6*p - c + 1. Calculate x(f).
6
Let i = -3 + 6. Let d(f) be the first derivative of 0*f**2 - 1 + f + 1/3*f**i. Determine d(0).
1
Let m be (2/(-4))/(2/24). Let d = -4 - m. Let z(x) = x**3 - 5*x**2 - 3*x + 2*x**d - 6 + 5. Determine z(4).
3
Let w(g) = -g**3 - 2*g**2 - 4*g - 2. Let h be (-28)/(-210) + (-32)/15. What is w(h)?
6
Let r(x) be the second derivative of 0 - 7*x - 3/2*x**2 + 1/6*x**3. What is r(4)?
1
Suppose 3*j - j = -18. Let b = -5 - j. Let n(s) be the first derivative of -s**2/2 + 2. Determine n(b).
-4
Suppose -o - 5*v + 2*v = 15, -25 = 3*o + 4*v. Let p(z) = z**2 + 4*z + 4. Give p(o).
1
Suppose -5*n = -1 - 9. Suppose 2*o = n*t - 8, 3 = -2*t - 2*o - 1. Let s(r) = -5*r**2. Give s(t).
-5
Let r(b) = -3*b**2 - 51*b + 4*b**2 + 6 + 46*b. Let x(w) = -1. Let t(n) = r(n) + 4*x(n). Calculate t(3).
-4
Let q be (-7)/(-2) - (-1)/(-2). Let z(c) be the second derivative of -c**2 - 4*c + 0 + 1/3*c**3. Give z(q).
4
Let k(f) be the first derivative of -f**2/2 + f - 12. Determine k(0).
1
Let z(x) = 9*x + 1. Let l be 5/((-20)/(-1